 be the third derivative of l**4/12 + 2*l**2. Let i be f(-4). Let y = -1 - i. What is the units digit of y?
7
Suppose 0 = 2*x - 3 - 7. Suppose -x*w = -2*v - 11, 0*v - 14 = -5*w + 3*v. What is the units digit of w?
1
Suppose 156 = -0*s + 2*s. What is the units digit of s?
8
Let c = 9 + 108. What is the units digit of c?
7
Let l be (6/(-8))/(1/(-20)). Let y = -25 - -27. What is the units digit of (-2)/y + -5 + l?
9
Let g be (-5)/((-3)/(-1 - -130)). Suppose r + 4*r = g. What is the units digit of r?
3
Let w(r) = -2*r - 1. What is the units digit of w(-4)?
7
Let u(f) = -49*f**2 + 6*f - 1. Let w(c) = c. Let h(k) = -u(k) + 5*w(k). What is the units digit of h(1)?
9
Let o be 28/(-5) + 2/(-5). Let s(f) = f + 8. Let x be s(o). Suppose -5*g + 2 = -3*g + 2*p, 8 = 3*g + x*p. What is the units digit of g?
6
Let i = -5 + -3. Let h be 2/i - (-45)/4. Suppose 2*w = -2*t - t + 30, t + w - h = 0. What is the units digit of t?
8
Suppose -5*t - 63 = -2*t. Let l = -7 - t. Suppose -j - l = -3*j. What is the units digit of j?
7
Let y = -58 - -89. Let p = y - 18. What is the units digit of p?
3
Let y = -254 + 379. What is the tens digit of y?
2
Let v = 10 - 14. Let i(o) = 2*o**2 + 5*o - 2. What is the tens digit of i(v)?
1
Let q(x) = x**2 - x + 56. What is the tens digit of q(0)?
5
Let a(g) = 5*g**2 - 3*g + 2. Let f be 10/(-15) - 16/(-6). What is the units digit of a(f)?
6
What is the units digit of (-760)/30*(-6)/4?
8
Suppose 3*c + c - 220 = 0. Suppose m - c = -3*s - 2*s, -3*s - 4*m = -33. What is the tens digit of s?
1
Suppose 3*p + 30 = -s, 5*p + 21 = -2*s - 29. What is the units digit of (8/p)/(2/(-10))?
4
What is the tens digit of 12/(-3) - (-5 + -39)?
4
Let f(u) = -3*u + 9. What is the tens digit of f(-7)?
3
Suppose 3*u = 3*c - 6, 2*u + 2*u = 2*c. Suppose 3 = 3*f - u*f. Suppose -j - 4*t + 19 = 0, -2*j - f*j = 5*t - 35. What is the units digit of j?
3
Let y(w) = -w**3 - 3*w**2 + 5*w + 5. Let u be y(-4). Suppose -u = -5*k - 6. What is the units digit of 10/((-2 - 0)*k)?
5
What is the hundreds digit of (92/(-16))/((-2)/56) + 4?
1
Suppose -2*q + 198 = 4*q. What is the units digit of q?
3
What is the tens digit of 3 + -1 + -1 + 60?
6
Let l(r) = -r**3 - 3*r**2 - 4*r - 2. Let q be l(-3). Let c = q - 3. What is the units digit of c?
7
Let c be 1 + -1 - (9 - 10). Suppose -11 = -3*f + 4. Let x = c + f. What is the units digit of x?
6
Suppose 188 = 2*x - b, -87 = -x + 7*b - 3*b. What is the units digit of x?
5
Suppose -2*l - 635 = -7*l. What is the tens digit of l?
2
Let k(m) = 3*m**3 - 8*m**2 + 17*m - 50. What is the tens digit of k(5)?
1
Let o = -62 + 32. Let f(k) = k**2 - 7*k + 1. Let n be f(6). What is the units digit of 6/o - 31/n?
6
Let b(a) = a - 6. Let d be 6*1 - (6 + -5). Let h be b(d). What is the units digit of (-2 - -2)/h + 8?
8
Let d = -30 - -45. What is the units digit of d?
5
Let b be ((-28)/21)/((-2)/6). Let n(f) = -f**3 + 5*f**2 + 3*f - 5. Let k be n(b). Let u = -14 + k. What is the units digit of u?
9
Let n(c) = 33*c + 1. Let f be n(1). Suppose 12 - f = -2*j. What is the tens digit of j?
1
Let x(l) = -l**3 - 8*l**2 - 8*l + 1. Let u be x(-7). Suppose 8 = u*k - 4*k. Suppose 0 = 2*q - y - 19, 3*q - y - k*y - 33 = 0. What is the units digit of q?
8
Let i(u) = -u**3 - 10*u**2 - 8*u + 10. Let p be (-3)/6 - 17/2. Let l be i(p). What is the tens digit of (-2)/(-1) - (l - 11)?
1
What is the units digit of (-2 - -3)*131 - -3?
4
Suppose 1035 = 13*k - 4*k. What is the hundreds digit of k?
1
Suppose 108 = 5*i - 207. What is the tens digit of i?
6
Let r be -1 - -93 - 0/1. Suppose -i + r = 3*i. Suppose 4*q + 4*g = 44, 5*g = 2*q - 3*q + i. What is the units digit of q?
8
Let s(b) = -5*b**2 - 13*b. Let q(f) = f**2 + f - 1. Let g(d) = 4*q(d) + s(d). What is the tens digit of g(-6)?
1
Let a = -5 - -9. Let h(q) = -q**3 + 6*q**2 - 5*q - 4. What is the units digit of h(a)?
8
Let g = 1 - -2. Let p be (-3)/g - (-3 - 0). Suppose m = -5*u - 23, 2*m - 2*u - 18 = -p*m. What is the units digit of m?
2
Let q be 10*((-144)/10 + 0). What is the units digit of q/(-30) + (-1)/(-5)?
5
Suppose d + 3*d = 16. What is the units digit of d?
4
Let q = -41 + 61. Suppose 3*d = d + s + 1, -4*s = 4*d - q. Suppose -90 = -5*b - 3*l, 0*l - 70 = -4*b - d*l. What is the tens digit of b?
1
Let g = -22 - -31. What is the units digit of g?
9
What is the units digit of (-1 - 1)*(-75)/10?
5
What is the units digit of 148/5 - (-4)/10?
0
Let n = -7 - -30. What is the units digit of n?
3
Let i = -139 - -256. What is the units digit of i?
7
What is the tens digit of (-28)/1*(-18)/7?
7
What is the units digit of 280/(-60)*((-720)/14)/2?
0
Let l(j) = j**2 - j. Let r be l(3). Suppose 16 = 2*m + r. Suppose i - 2*i - 21 = -m*z, -3*z + 3*i + 15 = 0. What is the units digit of z?
4
Suppose -10 = -9*o - 1. Suppose 0 = 3*w + 9, -4*w - 24 = -u - 2*u. Let j = u - o. What is the units digit of j?
3
Let h(f) = -21*f - 21. Let c(y) = -10*y - 10. Let d(a) = -13*c(a) + 6*h(a). Let b be d(-4). What is the units digit of 2/(-6) + (-52)/b?
4
Let r = 1 + 1. Suppose a - r - 16 = 0. What is the tens digit of a?
1
Suppose 3*z - 9 = 0, v - 6 = -z + 18. What is the tens digit of v?
2
What is the units digit of (0 - -3) + 62 + -3?
2
Let f = -42 + 16. What is the units digit of f/143 - 576/(-22)?
6
Let f(a) = -26*a + 2. Let z be f(-2). Let o = -12 + z. What is the tens digit of o?
4
Let r(k) = -k**2 + 10*k + 7. What is the tens digit of r(8)?
2
Let w be 3/4 + (-9)/12. Suppose w = -0*o + 2*o + i - 11, 5*o - 30 = -3*i. Suppose -g + 4*r + 56 = 4*g, o*g - 3*r = 33. What is the units digit of g?
2
Suppose -16 - 20 = -u. What is the units digit of u?
6
Let k(f) = -166*f**3 + 3*f**2 + 3*f + 1. What is the tens digit of k(-1)?
6
What is the hundreds digit of 3/((6/258)/(2 + -1))?
1
Let m(b) = -11*b**3 + 2*b**2 + 2*b + 1. Let v be m(-1). Suppose -v = 4*y - 2*y. What is the units digit of (y/4)/((-3)/12)?
6
Let p = -14 - 9. Let l = 50 + p. What is the units digit of l?
7
Let x = 13 + 6. Suppose 55 = -5*w + 5*g, -x = 2*w - 5*g + 12. Let p = -6 - w. What is the units digit of p?
2
Let j be 56/21 + (-2)/3. Suppose j*v - y - 173 = -v, 4*y = 16. Suppose -5*z + 16 = -v. What is the tens digit of z?
1
Suppose -81 = -l - f, -3*f = 2*l + 3*l - 397. What is the units digit of l?
7
Let c be 1/(-3*(-3)/1044). Let y = c + -71. What is the tens digit of y?
4
Suppose 5*y = -9*l + 4*l + 120, -3*l - 120 = -5*y. What is the tens digit of y?
2
Suppose -5*d + 32 = -0*d - 3*f, 0 = -3*d + 5*f + 16. Let l = 17 - d. What is the tens digit of l?
1
Let f = 275 - 88. What is the tens digit of f?
8
Suppose 0 = 3*r - 148 + 4. Suppose 136 = 4*t + r. What is the units digit of t?
2
Let n be 14/21*(-9)/(-2). Let k(s) = s + 3. Let z be k(6). What is the units digit of n*(-3)/(z/(-2))?
2
Suppose 7*u + 2*c + 2 = 3*u, -5*c = 25. Let j = u + 11. What is the tens digit of j?
1
Suppose -5*s - 416 = -2*l - l, -5*l - 2*s = -683. What is the hundreds digit of l?
1
Suppose 17 = 3*l - 5*i - 17, -2*i - 22 = -4*l. Suppose 4*x - 35 = -l*o, 5 = -3*o + x + 15. Let d = 7 - o. What is the units digit of d?
2
Let y(i) = -i - 5. Let g be y(-7). Let u = g + 2. Suppose -u*x + 13 = 2*s - 7, x - 8 = s. What is the units digit of x?
6
Let j(n) = -30*n - 5. Let k be j(-4). Let f = k - 80. Suppose 3*c = -2*c + f. What is the units digit of c?
7
Suppose 0 = -11*b + 90 - 310. Let z(j) = -5*j + 2. Let d be z(-2). What is the tens digit of d/b + (-136)/(-10)?
1
Let j(s) = 7*s - 2. Let u(a) = -a**2 + 5*a + 10. Let o be u(7). Let b be j(o). Let i = -19 - b. What is the tens digit of i?
1
Suppose 4*t + 3 + 5 = 0, 2*o = 2*t + 68. Suppose -z + 0*b + 22 = 3*b, 0 = z + 5*b - o. What is the units digit of z?
7
Suppose a - 9 = 4*a. Let m be (0 - (a + 1)) + 14. Suppose -30 = -5*y - w, 3*y + w = 2 + m. What is the units digit of y?
6
Let v(d) = -d**3 + 8*d**2 - 6*d - 7. Let r be v(7). Suppose r*c - 2*c = -8. What is the units digit of c?
4
Suppose -3*b + 5*z = 104 - 630, 3*b - 566 = -5*z. What is the tens digit of b?
8
What is the tens digit of (1*(65 - 3))/1?
6
Let b = -4 + 6. What is the tens digit of 81/6 - b/4?
1
Suppose 0 = 3*x + 3, 2 = -t - 3*x + 15. What is the units digit of t?
6
Let w(s) = s**3 - 5*s**2 - 5 + 4 - 2*s**2 - 4 + s. Let d(y) = -y**3 - 3*y**2 - 3*y - 2. Let i be d(-3). What is the units digit of w